{"id":4552,"date":"2022-03-28T13:32:41","date_gmt":"2022-03-28T12:32:41","guid":{"rendered":"https:\/\/morgenbladet.paulsenit.no\/?page_id=4552"},"modified":"2022-04-05T10:10:21","modified_gmt":"2022-04-05T09:10:21","slug":"bestilling","status":"publish","type":"page","link":"https:\/\/morgenbladet.paulsenit.no\/?page_id=4552","title":{"rendered":"Bestilling og priser"},"content":{"rendered":"<h2><\/h2>\n<p>&nbsp;<\/p>\n<h2>Velkommen til Morgenbladets Stillingsportal!<\/h2>\n<p>Gjennom annonsering av stillingsutlysninger i Morgenbladet n\u00e5r du p\u00e5 en effektiv m\u00e5te ut til h\u00f8yt utdannede og attraktive jobbs\u00f8kere som er meget interessert i egen karriere og kompetanseheving. V\u00e5re 90.000 + ukentlige lesere er h\u00f8yt utdannede og jobber i stor grad innen felt som forskning, akademia, administrasjon, kultur, og offentlig sektor. En leserunders\u00f8kelse fra 2021 (Kantar) viser at 26% av v\u00e5re lesere er \u00e5pne for \u00e5 skifte jobb i l\u00f8pet av det neste \u00e5ret. Nesten 33% sier at de \u00f8nsker \u00e5 komme til topps karrieremessig, noe som viser at de er ambisi\u00f8se og m\u00e5lbevisste.<i data-stringify-type=\"italic\"><\/i><\/p>\n<p>&nbsp;<\/p>\n<p>&nbsp;<\/p>\n<h2>Prisliste:<\/h2>\n<p>Prisene gjelder per stilling og alle priser i listen inkluderer to uker annonse p\u00e5 stillingportal og karusell.<\/p>\n<table style=\"height: 495px;\" width=\"820\">\n<tbody>\n<tr>\n<td><strong>Stillingsportal +\u00a0 tekstside print:<\/strong><\/td>\n<td><strong>Portal + M15<\/strong><\/td>\n<td><strong>Portal + M25b<\/strong><\/td>\n<\/tr>\n<tr>\n<td><span style=\"font-weight: 400;\">1x annonse tekstside<\/span><\/td>\n<td style=\"text-align: center;\"><span style=\"font-weight: 400;\">15.500,-\u00a0<\/span><\/td>\n<td style=\"text-align: center;\"><span style=\"font-weight: 400;\">19.000,-<\/span><\/td>\n<\/tr>\n<tr>\n<td><span style=\"font-weight: 400;\">2x annonse tekstside<\/span><\/td>\n<td style=\"text-align: center;\"><span style=\"font-weight: 400;\">18.500,-\u00a0\u00a0<\/span><\/td>\n<td style=\"text-align: center;\"><span style=\"font-weight: 400;\">24.500,-<\/span><\/td>\n<\/tr>\n<tr>\n<td><span style=\"font-weight: 400;\">3x annonse tekstside<\/span><\/td>\n<td style=\"text-align: center;\"><span style=\"font-weight: 400;\">21.500,-\u00a0<\/span><\/td>\n<td style=\"text-align: center;\"><span style=\"font-weight: 400;\">27.500,-<\/span><\/td>\n<\/tr>\n<tr>\n<td><strong>Stillingsportal + displayannonser:<\/strong><\/td>\n<td><strong>Portal + 50.000 visn. display<\/strong><\/td>\n<td><strong>Portal + 150.000 visn. display<\/strong><\/td>\n<\/tr>\n<tr>\n<td><span style=\"font-weight: 400;\">Portal + display<\/span><\/td>\n<td style=\"text-align: center;\"><span style=\"font-weight: 400;\">17.500,-<\/span><\/td>\n<td style=\"text-align: center;\"><span style=\"font-weight: 400;\">31.000,-<\/span><\/td>\n<\/tr>\n<tr>\n<td><strong>Stillingsportal + print + display:<\/strong><\/td>\n<td><strong>Portal + M15 + 50.000 display<\/strong><\/td>\n<td><strong>Portal + M25b + 150.000 display<\/strong><\/td>\n<\/tr>\n<tr>\n<td><span style=\"font-weight: 400;\">Portal + 1x print tekstside + display<\/span><\/td>\n<td style=\"text-align: center;\"><span style=\"font-weight: 400;\">22.500,-<\/span><\/td>\n<td style=\"text-align: center;\"><span style=\"font-weight: 400;\">35.000,-<\/span><\/td>\n<\/tr>\n<\/tbody>\n<\/table>\n<h4><\/h4>\n<p>&nbsp;<\/p>\n<h2>N\u00f8kkeltall &amp; indekser<\/h2>\n<p>&nbsp;<\/p>\n<table style=\"height: 211px;\" width=\"537\">\n<tbody>\n<tr>\n<td>\n<h3><strong>Alder<\/strong><\/h3>\n<\/td>\n<td>\n<h3><strong>25-34 \u00e5r<\/strong><\/h3>\n<\/td>\n<td>\n<h3><strong>35-44 \u00e5r<\/strong><\/h3>\n<\/td>\n<td>\n<h3><strong>45-54 \u00e5r<\/strong><\/h3>\n<\/td>\n<td>\n<h3><strong>55-64 \u00e5r<\/strong><\/h3>\n<\/td>\n<\/tr>\n<tr>\n<td><span style=\"font-weight: 400;\">%<\/span><\/td>\n<td><span style=\"font-weight: 400;\">25,4%<\/span><\/td>\n<td><span style=\"font-weight: 400;\">26,3%<\/span><\/td>\n<td><span style=\"font-weight: 400;\">27,3%<\/span><\/td>\n<td><span style=\"font-weight: 400;\">11,1%<\/span><\/td>\n<\/tr>\n<tr>\n<td><span style=\"font-weight: 400;\">Indeks<\/span><\/td>\n<td><span style=\"font-weight: 400;\">148<\/span><\/td>\n<td><span style=\"font-weight: 400;\">163<\/span><\/td>\n<td><span style=\"font-weight: 400;\">133<\/span><\/td>\n<td><span style=\"font-weight: 400;\">80<\/span><\/td>\n<\/tr>\n<\/tbody>\n<\/table>\n<p>&nbsp;<\/p>\n<p>&nbsp;<\/p>\n<table style=\"height: 629px;\" width=\"537\">\n<tbody>\n<tr>\n<td>\n<h3><b>V\u00e5re lesere jobber med<\/b><\/h3>\n<\/td>\n<td>\n<h3><b>%-av leserne<\/b><\/h3>\n<\/td>\n<td>\n<h3><b>Indeks<\/b><\/h3>\n<\/td>\n<\/tr>\n<tr>\n<td><span>Kreativt arbeid<\/span><\/td>\n<td><b>6,3%<\/b><\/td>\n<td><b>377<\/b><\/td>\n<\/tr>\n<tr>\n<td><span>Kultur \/ organisasjoner<\/span><\/td>\n<td><b>12,2%<\/b><\/td>\n<td><b>524<\/b><\/td>\n<\/tr>\n<tr>\n<td><span>Offentlig administrasjon<\/span><\/td>\n<td><b>5,3%<\/b><\/td>\n<td><b>210<\/b><\/td>\n<\/tr>\n<tr>\n<td><span>Media\/reklame\/PR\/informasjon<\/span><\/td>\n<td><b>7,8%<\/b><\/td>\n<td><b>481<\/b><\/td>\n<\/tr>\n<tr>\n<td><span>It\/telekommunikasjon<\/span><\/td>\n<td><b>5,2%<\/b><\/td>\n<td><b>150<\/b><\/td>\n<\/tr>\n<tr>\n<td><span>Journalistisk arbeide<\/span><\/td>\n<td><b>5,4%<\/b><\/td>\n<td><b>682<\/b><\/td>\n<\/tr>\n<tr>\n<td><span>Profesjon (lege, \u00f8konom, arkitekt, jurist etc)<\/span><\/td>\n<td><b>24,7%<\/b><\/td>\n<td><b>191<\/b><\/td>\n<\/tr>\n<tr>\n<td><span>Skole \/ undervisning<\/span><\/td>\n<td><b>9,8%<\/b><\/td>\n<td><b>140<\/b><\/td>\n<\/tr>\n<tr>\n<td><span>Forskning \/ analyse<\/span><\/td>\n<td><b>5,7%<\/b><\/td>\n<td><b>395<\/b><\/td>\n<\/tr>\n<\/tbody>\n<\/table>\n<p>&nbsp;<\/p>\n<p>&nbsp;<\/p>\n<table style=\"height: 249px;\" width=\"537\">\n<tbody>\n<tr>\n<td>\n<h3><b>Utdanning og skole<\/b><\/h3>\n<\/td>\n<td>\n<h3><b>%-av leserne<\/b><\/h3>\n<\/td>\n<td>\n<h3><b>Indeks<\/b><\/h3>\n<\/td>\n<\/tr>\n<tr>\n<td><span style=\"font-weight: 400;\">Bachelor, utdanning 1-4 \u00e5r<\/span><\/td>\n<td><b>50,6%<\/b><\/td>\n<td><b>118<\/b><\/td>\n<\/tr>\n<tr>\n<td><span style=\"font-weight: 400;\">Master, hovedfag, utdanning mer enn 4 \u00e5r\u00a0<\/span><\/td>\n<td><b>31,7%<\/b><\/td>\n<td><b>289<\/b><\/td>\n<\/tr>\n<tr>\n<td><span style=\"font-weight: 400;\">Skole og utdanning interesse<\/span><\/td>\n<td><b>67,5%<\/b><\/td>\n<td><b>139<\/b><\/td>\n<\/tr>\n<\/tbody>\n<\/table>\n<p>&nbsp;<\/p>\n<p>&nbsp;<\/p>\n<p>&nbsp;<\/p>\n<h4 style=\"text-align: right;\">Her kan du lese mer om v\u00e5re annonseformater avis og digitalt:<\/h4>\n<h4 style=\"text-align: right;\"><a href=\"https:\/\/morgenbladet.ocast.com\/no\/\">morgenbladet.ocast.com<\/a><\/h4>\n<h4 style=\"text-align: right;\"><\/h4>\n<h4 style=\"text-align: right;\">Har du behov for mer info eller \u00f8nsker \u00e5 bestille ta kontakt med:<\/h4>\n<p style=\"text-align: right;\"><b>Johnny A. Jensen<\/b><\/p>\n<p style=\"text-align: right;\"><b>Mobil:<\/b> <b>904 09 346<\/b><\/p>\n<p style=\"text-align: right;\"><b>E-post: <\/b> <a href=\"mailto:johnny.jensen@morgenbladet.no\"><b>johnny.jensen@morgenbladet.no<\/b><\/a><\/p>\n","protected":false},"excerpt":{"rendered":"<p>&nbsp; Velkommen til Morgenbladets Stillingsportal! Gjennom annonsering av stillingsutlysninger i Morgenbladet n\u00e5r du p\u00e5 en effektiv m\u00e5te ut til h\u00f8yt utdannede og attraktive jobbs\u00f8kere som er [&hellip;]<\/p>\n","protected":false},"author":1,"featured_media":0,"parent":0,"menu_order":0,"comment_status":"closed","ping_status":"closed","template":"","meta":[],"acf":[],"_links":{"self":[{"href":"https:\/\/morgenbladet.paulsenit.no\/index.php?rest_route=\/wp\/v2\/pages\/4552"}],"collection":[{"href":"https:\/\/morgenbladet.paulsenit.no\/index.php?rest_route=\/wp\/v2\/pages"}],"about":[{"href":"https:\/\/morgenbladet.paulsenit.no\/index.php?rest_route=\/wp\/v2\/types\/page"}],"author":[{"embeddable":true,"href":"https:\/\/morgenbladet.paulsenit.no\/index.php?rest_route=\/wp\/v2\/users\/1"}],"replies":[{"embeddable":true,"href":"https:\/\/morgenbladet.paulsenit.no\/index.php?rest_route=%2Fwp%2Fv2%2Fcomments&post=4552"}],"version-history":[{"count":21,"href":"https:\/\/morgenbladet.paulsenit.no\/index.php?rest_route=\/wp\/v2\/pages\/4552\/revisions"}],"predecessor-version":[{"id":4624,"href":"https:\/\/morgenbladet.paulsenit.no\/index.php?rest_route=\/wp\/v2\/pages\/4552\/revisions\/4624"}],"wp:attachment":[{"href":"https:\/\/morgenbladet.paulsenit.no\/index.php?rest_route=%2Fwp%2Fv2%2Fmedia&parent=4552"}],"curies":[{"name":"wp","href":"https:\/\/api.w.org\/{rel}","templated":true}]}}